{"id":2665,"date":"2024-05-02T14:06:57","date_gmt":"2024-05-02T14:06:57","guid":{"rendered":"https:\/\/internetday.com.ar\/day\/?page_id=2665"},"modified":"2026-04-27T21:01:01","modified_gmt":"2026-04-27T21:01:01","slug":"prensa","status":"publish","type":"page","link":"https:\/\/internetday.com.ar\/day\/prensa\/","title":{"rendered":"prensa"},"content":{"rendered":"<div id=\"pl-2665\"  class=\"panel-layout\" ><div id=\"pg-2665-0\"  class=\"panel-grid panel-has-style\" ><div class=\"siteorigin-panels-stretch panel-row-style panel-row-style-for-2665-0\" data-stretch-type=\"full-width-stretch\" ><div id=\"pgc-2665-0-0\"  class=\"panel-grid-cell\" ><div class=\"noseve panel-cell-style panel-cell-style-for-2665-0-0\" ><div id=\"panel-2665-0-0-0\" class=\"so-panel widget widget_media_image panel-first-child panel-last-child\" data-index=\"0\" ><img loading=\"lazy\" decoding=\"async\" width=\"1920\" height=\"700\" src=\"https:\/\/internetday.com.ar\/day\/wp-content\/uploads\/2025\/10\/ID26-banner.jpg\" class=\"image wp-image-3335  attachment-full size-full\" alt=\"\" style=\"max-width: 100%; height: auto;\" srcset=\"https:\/\/internetday.com.ar\/day\/wp-content\/uploads\/2025\/10\/ID26-banner.jpg 1920w, https:\/\/internetday.com.ar\/day\/wp-content\/uploads\/2025\/10\/ID26-banner-300x109.jpg 300w, https:\/\/internetday.com.ar\/day\/wp-content\/uploads\/2025\/10\/ID26-banner-1024x373.jpg 1024w, https:\/\/internetday.com.ar\/day\/wp-content\/uploads\/2025\/10\/ID26-banner-150x55.jpg 150w, https:\/\/internetday.com.ar\/day\/wp-content\/uploads\/2025\/10\/ID26-banner-768x280.jpg 768w, https:\/\/internetday.com.ar\/day\/wp-content\/uploads\/2025\/10\/ID26-banner-1536x560.jpg 1536w\" sizes=\"(max-width: 1920px) 100vw, 1920px\" \/><\/div><\/div><\/div><\/div><\/div><div id=\"pg-2665-1\"  class=\"panel-grid panel-no-style\" ><div id=\"pgc-2665-1-0\"  class=\"panel-grid-cell\" ><div id=\"panel-2665-1-0-0\" class=\"so-panel widget widget_sow-headline panel-first-child panel-last-child\" data-index=\"1\" ><div\n\t\t\t\n\t\t\tclass=\"so-widget-sow-headline so-widget-sow-headline-default-fc5a1e5cd532-2665 so-widget-fittext-wrapper\"\n\t\t\t data-fit-text-compressor=\"0.85\"\n\t\t><div class=\"sow-headline-container \">\n\t\t\t\t\t\t\t<h4 class=\"sow-headline\">\n\t\t\t\t\t\tPRENSA\t\t\t\t\t\t<\/h4>\n\t\t\t\t\t\t\t\t\t\t\t<div class=\"decoration\">\n\t\t\t\t\t\t<div class=\"decoration-inside\"><\/div>\n\t\t\t\t\t<\/div>\n\t\t\t\t\t<\/div>\n<\/div><\/div><\/div><\/div><div id=\"pg-2665-2\"  class=\"panel-grid panel-no-style\" ><div id=\"pgc-2665-2-0\"  class=\"panel-grid-cell\" ><div id=\"panel-2665-2-0-0\" class=\"so-panel widget widget_sow-editor panel-first-child\" data-index=\"2\" ><div\n\t\t\t\n\t\t\tclass=\"so-widget-sow-editor so-widget-sow-editor-base\"\n\t\t\t\n\t\t><h3 class=\"widget-title\">Newsline Report<\/h3>\n<div class=\"siteorigin-widget-tinymce textwidget\">\n\t<p>24\/04 -&gt; <a href=\"https:\/\/www.newslinereport.com\/tecnologia\/nota\/internet-day-2026-ia-en-el-centro-del-debate\">Internet Day 2026: IA en el centro del debate<\/a><\/p>\n<\/div>\n<\/div><\/div><div id=\"panel-2665-2-0-1\" class=\"so-panel widget widget_sow-editor\" data-index=\"3\" ><div\n\t\t\t\n\t\t\tclass=\"so-widget-sow-editor so-widget-sow-editor-base\"\n\t\t\t\n\t\t><h3 class=\"widget-title\">Dpl News<\/h3>\n<div class=\"siteorigin-widget-tinymce textwidget\">\n\t<p>1\/04 -&gt; <a href=\"https:\/\/dplnews.com\/argentina-la-infraestructura-digital-eje-del-internet-day-2026\/\">Argentina | La infraestructura digital, eje del Internet Day 2026<\/a><\/p>\n<\/div>\n<\/div><\/div><div id=\"panel-2665-2-0-2\" class=\"so-panel widget widget_sow-editor\" data-index=\"4\" ><div\n\t\t\t\n\t\t\tclass=\"so-widget-sow-editor so-widget-sow-editor-base\"\n\t\t\t\n\t\t><h3 class=\"widget-title\">Tavi Latam<\/h3>\n<div class=\"siteorigin-widget-tinymce textwidget\">\n\t<p>27\/03 -&gt; <a href=\"https:\/\/tavilatam.com\/argentina-cabase-confirma-oradores-y-tematicas-del-internet-day-2026\/\" target=\"_blank\" rel=\"noopener\">Cabase confirma oradores y tem\u00e1ticas del Internet Day 2026<\/a><\/p>\n<\/div>\n<\/div><\/div><div id=\"panel-2665-2-0-3\" class=\"so-panel widget widget_sow-editor\" data-index=\"5\" ><div\n\t\t\t\n\t\t\tclass=\"so-widget-sow-editor so-widget-sow-editor-base\"\n\t\t\t\n\t\t><h3 class=\"widget-title\">Total Medios<\/h3>\n<div class=\"siteorigin-widget-tinymce textwidget\">\n\t<p>25\/03 -&gt; <a href=\"https:\/\/www.totalmedios.com\/nota\/63364\/internet-day-2026-la-infraestructura-digital-clave-para-una-argentina-inteligente\" target=\"_blank\" rel=\"noopener\">Internet Day 2026: la infraestructura digital, clave para una Argentina inteligente<\/a><\/p>\n<\/div>\n<\/div><\/div><div id=\"panel-2665-2-0-4\" class=\"so-panel widget widget_sow-editor\" data-index=\"6\" ><div\n\t\t\t\n\t\t\tclass=\"so-widget-sow-editor so-widget-sow-editor-base\"\n\t\t\t\n\t\t><h3 class=\"widget-title\">Convercom<\/h3>\n<div class=\"siteorigin-widget-tinymce textwidget\">\n\t<p>18\/02 -&gt; <a href=\"https:\/\/convercom.info\/comunidades\/contenidos\/internet-day-2026-cabase-que-se-realizara-mayo-pondra-foco-ia-infraestructura-digital-energia-ejes-del-desarrollo\/\" target=\"_blank\" rel=\"noopener\">Internet Day 2026 de Cabase, que se realizar\u00e1 en mayo, pondr\u00e1 el foco en IA, infraestructura digital y energ\u00eda como ejes del desarrollo<\/a><\/p>\n<\/div>\n<\/div><\/div><div id=\"panel-2665-2-0-5\" class=\"so-panel widget widget_sow-editor\" data-index=\"7\" ><div\n\t\t\t\n\t\t\tclass=\"so-widget-sow-editor so-widget-sow-editor-base\"\n\t\t\t\n\t\t><h3 class=\"widget-title\">ITSitio<\/h3>\n<div class=\"siteorigin-widget-tinymce textwidget\">\n\t<p>21\/01 -&gt; <a href=\"https:\/\/www.itsitio.com\/ar\/eventos\/internet-day-2026-ejes-tematicos-para-pensar-una-argentina-inteligente\/\" target=\"_blank\" rel=\"noopener\">Internet Day 2026: ejes tem\u00e1ticos para pensar una Argentina Inteligente<\/a><\/p>\n<\/div>\n<\/div><\/div><div id=\"panel-2665-2-0-6\" class=\"so-panel widget widget_sow-editor panel-last-child\" data-index=\"8\" ><div\n\t\t\t\n\t\t\tclass=\"so-widget-sow-editor so-widget-sow-editor-base\"\n\t\t\t\n\t\t><h3 class=\"widget-title\">CABASE<\/h3>\n<div class=\"siteorigin-widget-tinymce textwidget\">\n\t<p>12\/02 -&gt; <a href=\"https:\/\/www.cabase.org.ar\/internet-day-2026-suma-sponsors-y-consolida-una-agenda-estrategica-para-una-argentina-inteligente\/\" target=\"_blank\" rel=\"noopener\">Internet Day 2026 suma sponsors y consolida una agenda estrat\u00e9gica para una Argentina Inteligente<\/a><\/p>\n<p>23\/12\/2025 -&gt; <a href=\"https:\/\/www.cabase.org.ar\/internet-day-2026-ejes-tematicos-para-pensar-una-argentina-inteligente\/\" target=\"_blank\" rel=\"noopener\">Internet Day 2026: ejes tem\u00e1ticos para pensar una Argentina Inteligente<\/a><\/p>\n<\/div>\n<\/div><\/div><\/div><div id=\"pgc-2665-2-1\"  class=\"panel-grid-cell\" ><div id=\"panel-2665-2-1-0\" class=\"so-panel widget widget_sow-editor panel-first-child\" data-index=\"9\" ><div\n\t\t\t\n\t\t\tclass=\"so-widget-sow-editor so-widget-sow-editor-base\"\n\t\t\t\n\t\t><h3 class=\"widget-title\">Prensario Internacional<\/h3>\n<div class=\"siteorigin-widget-tinymce textwidget\">\n\t<p>8\/04 -&gt; <a href=\"https:\/\/www.prensario.net\/CABASE-organiza-el-Internet-Day-2026-con-foco-en-la-infraestructura-y-la-inteligencia-artificial-52474.note.aspx\">CABASE organiza el Internet Day 2026 con foco en la infraestructura y la inteligencia artificialLa infraestructura digital, eje del Internet Day 2026<\/a><\/p>\n<\/div>\n<\/div><\/div><div id=\"panel-2665-2-1-1\" class=\"so-panel widget widget_sow-editor\" data-index=\"10\" ><div\n\t\t\t\n\t\t\tclass=\"so-widget-sow-editor so-widget-sow-editor-base\"\n\t\t\t\n\t\t><h3 class=\"widget-title\">MinutoUno<\/h3>\n<div class=\"siteorigin-widget-tinymce textwidget\">\n\t<p>7\/04 -&gt; <a href=\"https:\/\/www.minutouno.com\/tecno\/por-que-la-infraestructura-sera-el-eje-central-del-internet-day-2026-n6263892\">\u00bfPor qu\u00e9 la infraestructura ser\u00e1 el eje central del Internet Day 2026?<\/a><\/p>\n<\/div>\n<\/div><\/div><div id=\"panel-2665-2-1-2\" class=\"so-panel widget widget_sow-editor\" data-index=\"11\" ><div\n\t\t\t\n\t\t\tclass=\"so-widget-sow-editor so-widget-sow-editor-base\"\n\t\t\t\n\t\t><h3 class=\"widget-title\">Enfasys<\/h3>\n<div class=\"siteorigin-widget-tinymce textwidget\">\n\t<p>1\/04 -&gt; <a href=\"https:\/\/www.enfasys.net\/2026\/04\/01\/la-infraestructura-digital-eje-del-internet-day-2026\/\" target=\"_blank\" rel=\"noopener\">La infraestructura digital, eje del Internet Day 2026<\/a><\/p>\n<\/div>\n<\/div><\/div><div id=\"panel-2665-2-1-3\" class=\"so-panel widget widget_sow-editor\" data-index=\"12\" ><div\n\t\t\t\n\t\t\tclass=\"so-widget-sow-editor so-widget-sow-editor-base\"\n\t\t\t\n\t\t><h3 class=\"widget-title\">Revista Mercado<\/h3>\n<div class=\"siteorigin-widget-tinymce textwidget\">\n\t<p>26\/03 -&gt; <a href=\"https:\/\/mercado.com.ar\/agenda\/cabase-hara-internet-day-2026-en-mayo-con-foco-en-infraestructura-digital\/\" target=\"_blank\" rel=\"noopener\">Cabase har\u00e1 Internet Day 2026 en mayo con foco en infraestructura digital<\/a><\/p>\n<\/div>\n<\/div><\/div><div id=\"panel-2665-2-1-4\" class=\"so-panel widget widget_sow-editor\" data-index=\"13\" ><div\n\t\t\t\n\t\t\tclass=\"so-widget-sow-editor so-widget-sow-editor-base\"\n\t\t\t\n\t\t><h3 class=\"widget-title\">IArgentina<\/h3>\n<div class=\"siteorigin-widget-tinymce textwidget\">\n\t<p>19\/03 -&gt; <a href=\"https:\/\/inteligenciaargentina.ar\/inteligencia-artificial\/internet-day\" target=\"_blank\" rel=\"noopener\">Infraestructura para IA en Argentina: el eje del pr\u00f3ximo Internet Day<\/a><\/p>\n<\/div>\n<\/div><\/div><div id=\"panel-2665-2-1-5\" class=\"so-panel widget widget_sow-editor\" data-index=\"14\" ><div\n\t\t\t\n\t\t\tclass=\"so-widget-sow-editor so-widget-sow-editor-base\"\n\t\t\t\n\t\t><h3 class=\"widget-title\">Newsline Report<\/h3>\n<div class=\"siteorigin-widget-tinymce textwidget\">\n\t<p>19\/02 -&gt; <a href=\"https:\/\/www.newslinereport.com\/tecnologia\/nota\/cabase-internet-day-2026-suma-sponsors-\" target=\"_blank\" rel=\"noopener\">Internet Day 2026 de Cabase, que se realizar\u00e1 en mayo, pondr\u00e1 el foco en IA, infraestructura digital y energ\u00eda como ejes del desarrollo<\/a><\/p>\n<\/div>\n<\/div><\/div><div id=\"panel-2665-2-1-6\" class=\"so-panel widget widget_sow-editor panel-last-child\" data-index=\"15\" ><div\n\t\t\t\n\t\t\tclass=\"so-widget-sow-editor so-widget-sow-editor-base\"\n\t\t\t\n\t\t><h3 class=\"widget-title\">Prensario TI LatinAmerica<\/h3>\n<div class=\"siteorigin-widget-tinymce textwidget\">\n\t<p>19\/02 -&gt; <a href=\"https:\/\/prensariotila.com\/internet-day-2026-suma-sponsors-y-consolida-una-agenda-estrategica-para-una-argentina-inteligente\/\" target=\"_blank\" rel=\"noopener\">Internet Day 2026 suma sponsors y consolida una agenda estrat\u00e9gica para una Argentina Inteligente<\/a><\/p>\n<\/div>\n<\/div><\/div><\/div><\/div><div id=\"pg-2665-3\"  class=\"panel-grid panel-has-style\" ><div class=\"siteorigin-panels-stretch panel-row-style panel-row-style-for-2665-3\" data-stretch-type=\"full-width-stretch\" ><div id=\"pgc-2665-3-0\"  class=\"panel-grid-cell\" ><div id=\"panel-2665-3-0-0\" class=\"widget_text so-panel widget widget_custom_html panel-first-child panel-last-child\" data-index=\"16\" ><div class=\"textwidget custom-html-widget\"><iframe src=\"https:\/\/www.google.com\/maps\/embed?pb=!1m18!1m12!1m3!1d3284.7875960512592!2d-58.39278402358104!3d-34.58424065647112!2m3!1f0!2f0!3f0!3m2!1i1024!2i768!4f13.1!3m3!1m2!1s0x95bccaa16848544b%3A0x89e29d40eae89d2d!2sAv.%20Pres.%20Figueroa%20Alcorta%202099%2C%20C1112%20CABA!5e0!3m2!1ses!2sar!4v1700834993897!5m2!1ses!2sar\" width=\"1920\" height=\"500\" style=\"border:0;\" allowfullscreen=\"\" loading=\"lazy\" referrerpolicy=\"no-referrer-when-downgrade\"><\/iframe><\/div><\/div><\/div><\/div><\/div><\/div>","protected":false},"excerpt":{"rendered":"<p>PRENSA Newsline Report 24\/04 -&gt; Internet Day 2026: IA en el centro del debate Dpl News 1\/04 -&gt; Argentina | La infraestructura digital, eje del Internet Day 2026 Tavi Latam 27\/03 -&gt; Cabase confirma oradores y tem\u00e1ticas del Internet Day 2026 Total Medios 25\/03 -&gt; Internet Day 2026: la infraestructura digital, clave para una Argentina [&hellip;]<\/p>\n","protected":false},"author":4,"featured_media":0,"parent":0,"menu_order":0,"comment_status":"closed","ping_status":"closed","template":"","meta":{"ocean_post_layout":"","ocean_both_sidebars_style":"","ocean_both_sidebars_content_width":0,"ocean_both_sidebars_sidebars_width":0,"ocean_sidebar":"0","ocean_second_sidebar":"0","ocean_disable_margins":"on","ocean_add_body_class":"","ocean_shortcode_before_top_bar":"","ocean_shortcode_after_top_bar":"","ocean_shortcode_before_header":"","ocean_shortcode_after_header":"","ocean_has_shortcode":"","ocean_shortcode_after_title":"","ocean_shortcode_before_footer_widgets":"","ocean_shortcode_after_footer_widgets":"","ocean_shortcode_before_footer_bottom":"","ocean_shortcode_after_footer_bottom":"","ocean_display_top_bar":"default","ocean_display_header":"default","ocean_header_style":"","ocean_center_header_left_menu":"0","ocean_custom_header_template":"0","ocean_custom_logo":0,"ocean_custom_retina_logo":0,"ocean_custom_logo_max_width":0,"ocean_custom_logo_tablet_max_width":0,"ocean_custom_logo_mobile_max_width":0,"ocean_custom_logo_max_height":0,"ocean_custom_logo_tablet_max_height":0,"ocean_custom_logo_mobile_max_height":0,"ocean_header_custom_menu":"0","ocean_menu_typo_font_family":"0","ocean_menu_typo_font_subset":"","ocean_menu_typo_font_size":0,"ocean_menu_typo_font_size_tablet":0,"ocean_menu_typo_font_size_mobile":0,"ocean_menu_typo_font_size_unit":"px","ocean_menu_typo_font_weight":"","ocean_menu_typo_font_weight_tablet":"","ocean_menu_typo_font_weight_mobile":"","ocean_menu_typo_transform":"","ocean_menu_typo_transform_tablet":"","ocean_menu_typo_transform_mobile":"","ocean_menu_typo_line_height":0,"ocean_menu_typo_line_height_tablet":0,"ocean_menu_typo_line_height_mobile":0,"ocean_menu_typo_line_height_unit":"","ocean_menu_typo_spacing":0,"ocean_menu_typo_spacing_tablet":0,"ocean_menu_typo_spacing_mobile":0,"ocean_menu_typo_spacing_unit":"","ocean_menu_link_color":"","ocean_menu_link_color_hover":"","ocean_menu_link_color_active":"","ocean_menu_link_background":"","ocean_menu_link_hover_background":"","ocean_menu_link_active_background":"","ocean_menu_social_links_bg":"","ocean_menu_social_hover_links_bg":"","ocean_menu_social_links_color":"","ocean_menu_social_hover_links_color":"","ocean_disable_title":"default","ocean_disable_heading":"default","ocean_post_title":"","ocean_post_subheading":"","ocean_post_title_style":"","ocean_post_title_background_color":"","ocean_post_title_background":0,"ocean_post_title_bg_image_position":"","ocean_post_title_bg_image_attachment":"","ocean_post_title_bg_image_repeat":"","ocean_post_title_bg_image_size":"","ocean_post_title_height":0,"ocean_post_title_bg_overlay":0.5,"ocean_post_title_bg_overlay_color":"","ocean_disable_breadcrumbs":"default","ocean_breadcrumbs_color":"","ocean_breadcrumbs_separator_color":"","ocean_breadcrumbs_links_color":"","ocean_breadcrumbs_links_hover_color":"","ocean_display_footer_widgets":"default","ocean_display_footer_bottom":"default","ocean_custom_footer_template":"0","omw_enable_modal_window":"enable","footnotes":""},"_links":{"self":[{"href":"https:\/\/internetday.com.ar\/day\/wp-json\/wp\/v2\/pages\/2665"}],"collection":[{"href":"https:\/\/internetday.com.ar\/day\/wp-json\/wp\/v2\/pages"}],"about":[{"href":"https:\/\/internetday.com.ar\/day\/wp-json\/wp\/v2\/types\/page"}],"author":[{"embeddable":true,"href":"https:\/\/internetday.com.ar\/day\/wp-json\/wp\/v2\/users\/4"}],"replies":[{"embeddable":true,"href":"https:\/\/internetday.com.ar\/day\/wp-json\/wp\/v2\/comments?post=2665"}],"version-history":[{"count":95,"href":"https:\/\/internetday.com.ar\/day\/wp-json\/wp\/v2\/pages\/2665\/revisions"}],"predecessor-version":[{"id":3653,"href":"https:\/\/internetday.com.ar\/day\/wp-json\/wp\/v2\/pages\/2665\/revisions\/3653"}],"wp:attachment":[{"href":"https:\/\/internetday.com.ar\/day\/wp-json\/wp\/v2\/media?parent=2665"}],"curies":[{"name":"wp","href":"https:\/\/api.w.org\/{rel}","templated":true}]}}